259?
17
What is the remainder when 778 is divided by 17?
13
What is the remainder when 15 is divided by 14?
1
What is the remainder when 158 is divided by 6?
2
What is the remainder when 167 is divided by 82?
3
Calculate the remainder when 260 is divided by 87.
86
What is the remainder when 1100 is divided by 1071?
29
What is the remainder when 59 is divided by 37?
22
Calculate the remainder when 89 is divided by 26.
11
Calculate the remainder when 400 is divided by 48.
16
Calculate the remainder when 96 is divided by 10.
6
Calculate the remainder when 498 is divided by 14.
8
What is the remainder when 2937 is divided by 226?
225
What is the remainder when 1030 is divided by 7?
1
What is the remainder when 2660 is divided by 72?
68
What is the remainder when 77 is divided by 44?
33
Calculate the remainder when 3637 is divided by 34.
33
What is the remainder when 243 is divided by 19?
15
What is the remainder when 24 is divided by 7?
3
What is the remainder when 38 is divided by 9?
2
Calculate the remainder when 39 is divided by 12.
3
What is the remainder when 135 is divided by 28?
23
Calculate the remainder when 2567 is divided by 95.
2
What is the remainder when 828 is divided by 227?
147
Calculate the remainder when 144 is divided by 28.
4
What is the remainder when 163 is divided by 125?
38
What is the remainder when 26626 is divided by 31?
28
What is the remainder when 295 is divided by 20?
15
Calculate the remainder when 144 is divided by 7.
4
What is the remainder when 895 is divided by 147?
13
Calculate the remainder when 1261 is divided by 60.
1
Calculate the remainder when 252 is divided by 43.
37
Calculate the remainder when 1339 is divided by 193.
181
What is the remainder when 775 is divided by 321?
133
Calculate the remainder when 2238 is divided by 51.
45
Calculate the remainder when 240 is divided by 42.
30
Calculate the remainder when 331 is divided by 108.
7
Calculate the remainder when 182 is divided by 8.
6
What is the remainder when 507 is divided by 18?
3
Calculate the remainder when 650 is divided by 52.
26
What is the remainder when 313 is divided by 22?
5
Calculate the remainder when 122 is divided by 10.
2
Calculate the remainder when 442 is divided by 8.
2
Calculate the remainder when 3874 is divided by 19.
17
What is the remainder when 99 is divided by 34?
31
What is the remainder when 196 is divided by 56?
28
What is the remainder when 1321 is divided by 300?
121
Calculate the remainder when 1764 is divided by 13.
9
Calculate the remainder when 1277 is divided by 18.
17
What is the remainder when 413 is divided by 26?
23
Calculate the remainder when 278 is divided by 56.
54
What is the remainder when 21 is divided by 1?
0
Calculate the remainder when 2139 is divided by 135.
114
Calculate the remainder when 1453 is divided by 80.
13
Calculate the remainder when 677 is divided by 40.
37
Calculate the remainder when 1807 is divided by 903.
1
What is the remainder when 100 is divided by 14?
2
Calculate the remainder when 1185 is divided by 289.
29
Calculate the remainder when 47 is divided by 9.
2
What is the remainder when 268 is divided by 30?
28
Calculate the remainder when 564 is divided by 41.
31
What is the remainder when 116 is divided by 34?
14
Calculate the remainder when 52 is divided by 48.
4
What is the remainder when 904 is divided by 156?
124
Calculate the remainder when 143 is divided by 51.
41
Calculate the remainder when 72 is divided by 44.
28
Calculate the remainder when 347 is divided by 30.
17
Calculate the remainder when 680 is divided by 138.
128
Calculate the remainder when 428 is divided by 90.
68
Calculate the remainder when 153 is divided by 75.
3
What is the remainder when 323 is divided by 36?
35
Calculate the remainder when 195 is divided by 34.
25
Calculate the remainder when 9152 is divided by 1830.
2
Calculate the remainder when 1052 is divided by 88.
84
Calculate the remainder when 932 is divided by 13.
9
Calculate the remainder when 243 is divided by 86.
71
Calculate the remainder when 1776 is divided by 85.
76
Calculate the remainder when 228 is divided by 119.
109
Calculate the remainder when 207 is divided by 7.
4
Calculate the remainder when 5041 is divided by 79.
64
What is the remainder when 1390 is divided by 58?
56
What is the remainder when 2143 is divided by 86?
79
What is the remainder when 359 is divided by 72?
71
What is the remainder when 43 is divided by 19?
5
Calculate the remainder when 312 is divided by 137.
38
Calculate the remainder when 523 is divided by 26.
3
Calculate the remainder when 818 is divided by 15.
8
What is the remainder when 2606 is divided by 39?
32
Calculate the remainder when 6332 is divided by 39.
14
What is the remainder when 23 is divided by 9?
5
Calculate the remainder when 402 is divided by 118.
48
Calculate the remainder when 435 is divided by 75.
60
What is the remainder when 349 is divided by 203?
146
Calculate the remainder when 5231 is divided by 24.
23
Calculate the remainder when 38 is divided by 18.
2
Calculate the remainder when 2192 is divided by 100.
92
What is the remainder when 464 is divided by 43?
34
What is the remainder when 44 is divided by 16?
12
What is the remainder when 2699 is divided by 169?
164
What is the remainder when 5310 is divided by 33?
30
Calculate the remainder when 413 is divided by 16.
13
Calculate the remainder when 387 is divided by 25.
12
What is the remainder when 1162 is divided by 12?
10
What is the remainder when 237 is divided by 11?
6
Calculate the remainder when 1055 is divided by 51.
35
What is the remainder when 228 is divided by 46?
44
Calculate the remainder when 87 is divided by 19.
11
Calculate the remainder when 77 is divided by 27.
23
Calculate the remainder when 818 is divided by 18.
8
What is the remainder when 541 is divided by 16?
13
What is the remainder when 217 is divided by 49?
21
What is the remainder when 2309 is divided by 26?
21
Calculate the remainder when 186 is divided by 48.
42
What is the remainder when 593 is divided by 35?
33
What is the remainder when 571 is divided by 141?
7
Calculate the remainder when 986 is divided by 18.
14
What is the remainder when 457 is divided by 92?
89
What is the remainder when 21 is divided by 10?
1
What is the remainder when 5307 is divided by 757?
8
What is the remainder when 128 is divided by 69?
59
What is the remainder when 611 is divided by 191?
38
Calculate the remainder when 697 is divided by 243.
211
Calculate the remainder when 1185 is divided by 24.
9
What is the remainder when 340 is divided by 87?
79
Calculate the remainder when 295 is divided by 133.
29
What is the remainder when 282 is divided by 109?
64
Calculate the remainder when 3758 is divided by 16.
14
Calculate the remainder when 2678 is divided by 141.
140
Calculate the remainder when 764 is divided by 100.
64
What is the remainder when 560 is divided by 94?
90
What is the remainder when 1740 is divided by 177?
147
What is the remainder when 30 is divided by 17?
13
Calculate the remainder when 89 is divided by 32.
25
Calculate the remainder when 40 is divided by 9.
4
What is the remainder when 255 is divided by 77?
24
Calculate the remainder when 6211 is divided by 14.
9
What is the remainder when 2174 is divided by 34?
32
Calculate the remainder when 3266 is divided by 33.
32
What is the remainder when 42 is divided by 3?
0
Calculate the remainder when 48 is divided by 30.
18
What is the remainder when 725 is divided by 386?
339
Calculate the remainder when 389 is divided by 108.
65
Calculate the remainder when 13 is divided by 10.
3
Calculate the remainder when 623 is divided by 26.
25
Calculate the remainder when 401 is divided by 91.
37
What is the remainder when 67 is divided by 36?
31
Calculate the remainder when 6590 is divided by 287.
276
Calculate the remainder when 70 is divided by 31.
8
Calculate the remainder when 324 is divided by 100.
24
Calculate the remainder when 5983 is divided by 8.
7
What is the remainder when 515 is divided by 42?
11
What is the remainder when 214 is divided by 10?
4
Calculate the remainder when 1004 is divided by 15.
14
What is the remainder when 621 is divided by 13?
10
What is the remainder when 107 is divided by 48?
11
Wh